d = 193 - 131. Let t = -4 + d. Calculate the remainder when t is divided by 9.
4
Suppose -3*t + 90 = 3*v, 0 = -4*v + 3*t + 60 + 32. Let z = 15 + -1. Calculate the remainder when v is divided by z.
12
Let b = 49 - 28. Suppose 0 = 2*y - 13 - 3. Suppose -2*l + 4 = -y. What is the remainder when b is divided by l?
3
What is the remainder when 251 is divided by -34 - -70 - -4*(1 + 0)?
11
Suppose 19 = 7*i - 16. Suppose 2*y + 10 + 11 = i*s, 5*y - 4*s = -10. Calculate the remainder when 9 is divided by y.
1
Let o(r) = r**3 - 12*r**2 - 12*r + 47. What is the remainder when o(13) is divided by 37?
23
Let c(y) = 275*y - 16. Let l be c(8). Suppose l = 9*j - 327. What is the remainder when j is divided by 40?
39
Suppose -9*z - g = -12*z + 133, 172 = 4*z + 4*g. Calculate the remainder when 98 is divided by z.
10
Let b be (-6)/(-12) + 1/(-2). Let w be 2 - (b - 6/3). Suppose 37 = w*l - 55. Calculate the remainder when l is divided by 12.
11
Let k = 538 + -500. What is the remainder when 66 is divided by k?
28
Let m = -655 - -758. What is the remainder when m is divided by 0 + (-2)/2*-35?
33
Suppose 44*f - 36*f = 424. What is the remainder when 134 is divided by f?
28
Let n be (-176)/10 - 6/15. Let s be (1/(-2))/(3/n). Suppose 31 = 5*b - r, s*b - 4*r + 5 = 27. What is the remainder when 9 is divided by b?
3
Let d = 381 - -227. Calculate the remainder when d is divided by 29.
28
Let r = -72 + -31. Let n = 11 - r. What is the remainder when n is divided by 39?
36
Let d(i) = -i**2 - 9*i. Let z(o) = 38*o**2 - 2*o + 1. Calculate the remainder when z(1) is divided by d(-5).
17
Let h be (2/(-6))/(7/(-168)). Suppose h*c - 123 = 5*c. Suppose 0*b + c = b. Calculate the remainder when b is divided by 21.
20
Let h be 84/8*(3 - 1). Let g = h + -20. Let j = 26 + g. Calculate the remainder when 52 is divided by j.
25
Suppose 4*w - 3*g = 24, -2*w + 7 = 3*w + 2*g. Suppose -l = 5*o - 3*l - 53, 3 = -o - w*l. Calculate the remainder when o is divided by 7.
2
Suppose -2*m = -43 + 11. Calculate the remainder when 17 is divided by (-20)/m*-6*(-4)/(-6).
2
Suppose 6 = -4*m + 30. Calculate the remainder when 1*3/1*5 is divided by m.
3
Suppose 28*k + 9 = 737. Calculate the remainder when 90 is divided by k.
12
Let m = -78 + 132. Suppose -8*j + 5*j = m. What is the remainder when 25 is divided by 136/10 - j/45?
11
Suppose -2*j + 186 = -0*j + 3*g, 0 = j - g - 88. Suppose 0 = -5*s - 5*f + j, 3*s - 2*f - 13 - 26 = 0. What is the remainder when 29 is divided by s?
14
Let u(s) = -s - 12. Let j be u(3). Calculate the remainder when 11 is divided by j/5 - 0 - -7.
3
Let r(l) = -34*l + 667. What is the remainder when 659 is divided by r(18)?
54
Suppose -4*u - 94 = -2*m, 2*m - 3*u + 0 = 90. Suppose 3*k + 0 = 18. Calculate the remainder when m is divided by k.
3
Let r = 215 - 193. What is the remainder when 196 is divided by r?
20
Let d(y) = -5*y - 6. Let c be d(-2). Suppose -5*m = o + o - 556, -3*m = -c*o - 318. What is the remainder when m is divided by 28?
26
Suppose -3*l - 12 = 6. Calculate the remainder when 21 is divided by 9 - 8 - 20/l*3.
10
Let v(p) = 7*p - 32. Calculate the remainder when v(14) is divided by 18.
12
Let h(a) be the third derivative of a**4/12 - 11*a**3/2 + 6*a**2. Let w be h(0). What is the remainder when -5 - -1 - w/1 is divided by 16?
13
Suppose 3*a = 5*a - 4*o - 152, -3*a + 4*o = -228. Calculate the remainder when 334 is divided by a.
30
Suppose 1034 = 12*r + 218. What is the remainder when 203 is divided by r?
67
Let x(o) = o**3 - o**2 - o + 1. Let v be x(1). What is the remainder when (-2 + v)/(1/(-13)) is divided by (-56)/(-6)*(-12)/(-8)?
12
Let b be 4/14 + (-144)/14. Let v = -7 - b. Let t = -2179 + 2184. Calculate the remainder when t is divided by v.
2
Let f(b) = b**3 + 14*b**2 - 54*b + 13. Calculate the remainder when f(-17) is divided by 5.
4
Suppose 0 = -2*m - 3*z + 4, -10 = -5*m - 0*z + 3*z. Suppose m*a - 7*a = -35. Calculate the remainder when 13 is divided by a.
6
Let k(q) = -2*q. Let a be k(-1). Suppose 0 = a*p + 24 - 70. Calculate the remainder when 68 is divided by p.
22
What is the remainder when 2/(-2) + 12 + 47 - 1 is divided by 12?
9
Let l(w) = w**3 - 5*w**2 - 7*w - 5. Let b(j) = -3*j**3 + 14*j**2 + 20*j + 15. Let d(i) = -4*b(i) - 11*l(i). Calculate the remainder when 59 is divided by d(4).
28
Suppose -3*o = 2*v - 110 - 94, 3*v - 3*o - 336 = 0. Calculate the remainder when v is divided by 56.
52
Let x(c) be the second derivative of -11*c**3 + c**2/2 + 15*c. Let o = 41 - 23. Calculate the remainder when x(-1) is divided by o.
13
Suppose 166 = -0*w + w. Calculate the remainder when w is divided by 1/(6 - 167/28).
26
Suppose 3*p + 2*f + 222 = 8*p, -200 = -4*p - 4*f. Suppose -5*u = -14 - p. Let h = -2 + 61. Calculate the remainder when h is divided by u.
11
Suppose -2*s = 2*s - l - 111, -4*l - 12 = 0. Let k = -81 - -96. What is the remainder when s is divided by k?
12
Suppose j + 2*r + 16 = -33, 0 = -2*j + 2*r - 68. Let p = -85 + 83. Calculate the remainder when 33 is divided by p/4*(j - -5).
16
Let d(h) = -4 - 4*h + 2*h**3 - 3*h**3 + 3*h - h**2. What is the remainder when d(-3) is divided by 7?
3
Suppose 0 = 4*i - 33 + 1. Let x = -36 + 56. What is the remainder when 302/5 - i/x is divided by 16?
12
Suppose 0 = 50*k - 14*k - 756. What is the remainder when 943 is divided by k?
19
Suppose 5*o = 4*k + 143, k - 3*k = 4*o - 104. Let g = 192 - 197. Let w(m) = -m**3 - 2*m**2 - 3*m + 15. What is the remainder when w(g) is divided by o?
24
Let g = 33 - 31. Suppose -4*k - 3*s + 152 = 0, g*s = -k - 2*s + 51. Suppose b + q - 23 = -0*q, 3*q + 64 = 4*b. What is the remainder when k is divided by b?
16
Calculate the remainder when 149 is divided by (-6)/8*(3 + -9)*2.
5
Suppose 152 + 318 = 5*h. What is the remainder when h is divided by 64?
30
Suppose -4*u = 3*y - 1417, 2*u + 2*y + 712 = 4*u. Calculate the remainder when u is divided by 30.
25
What is the remainder when 956 is divided by (-8)/(-6)*(10 + 35)?
56
Suppose -2316 = -4*n - 396. What is the remainder when n is divided by 23?
20
Suppose 4*k + 13 = 53. Let w(h) = 4*h + 14. Suppose 0 = 2*g + 3 - 7, 2*s - 20 = -4*g. What is the remainder when w(s) is divided by k?
8
Let l(u) = 20*u**2 + 23*u - 45. Let j(n) = 3*n**3 - 3*n**2 + n - 2. Calculate the remainder when l(2) is divided by j(2).
9
Suppose -8*j + 5*j + 12 = 0. Suppose -2*v - 15 = j*h - 51, -3*h + 5*v = -53. What is the remainder when (-2)/(-8) + -1 + (-393)/(-12) is divided by h?
10
Let f(a) = -5*a + 253. What is the remainder when f(46) is divided by 7?
2
Let u = -139 - -190. Calculate the remainder when u is divided by 26.
25
Suppose 2*v - 76 = 4*b, 3*v + 2*v - 5*b = 175. Let l(r) = -r. Calculate the remainder when v is divided by l(-7).
4
Suppose 4620 = -211*f + 271*f. Calculate the remainder when 448 is divided by f.
63
Let j = 1369 - 927. What is the remainder when j is divided by 89?
86
Let z be 2/(1 + -2) - -4. Let m(i) = 5*i**3 - 3*i**2 + 3*i - 1. Let u = -10 + 27. Calculate the remainder when m(z) is divided by u.
16
Let f(g) be the second derivative of g**6/180 - g**3/3 + 6*g. Let w(u) be the second derivative of f(u). What is the remainder when 51 is divided by w(3)?
15
Let m be (-3)/(1/(-1))*1. Suppose -m*h + 7 = s, -4*s + 21 = 3*h + 2*h. What is the remainder when 18 is divided by s?
2
Let z = 1230 - 1086. What is the remainder when z is divided by 32?
16
Let u = -373 + 399. Suppose 221 = 3*i + 3*v + 2*v, 5*i = 5*v + 395. Calculate the remainder when i is divided by u.
25
Let k(z) = -z**3 - 7*z**2 - 2*z - 8. Let u = -30 + 31. Let y(v) = 3*v**3 + v**2 + 4*v - 4. What is the remainder when k(-7) is divided by y(u)?
2
Suppose -5*c + 2*m = -17, 4*c - 13 = c + 4*m. What is the remainder when (-34)/(-3) + 2/3 is divided by c?
0
Suppose 1747 = 15*f - 833. Calculate the remainder when (f/8)/((-1)/(-2)) is divided by 15.
13
Let q(x) = x**2 + 2*x + 1. Let l be q(5). Let g = 62 - l. Calculate the remainder when 51 is divided by g*((-6)/(-4) + -1).
12
Let y = 5 + -1. Let j(r) = 10*r + 40. Let n be j(-6). Let v = n + 25. What is the remainder when v is divided by y?
1
Let r = -53 - -59. Suppose -y - 1 = 0, r*q - 61 = 4*q + 3*y. What is the remainder when 114 is divided by q?
27
Let q(y) = -9*y - 3. Let n be q(-3). Let p = n + -21. Calculate the remainder 